 Is v(11) a prime number?
False
Let r(x) = x**3 + 2*x**2 - x + 2. Let y(z) = z**2 + 6*z - 9. Let w be y(-7). Let n be r(w). Suppose 0 = -n*i + 3*a + 30, 10*i - 24 = 5*i - 3*a. Is i composite?
True
Suppose 5*o = 10 + 25. Let z(i) = i**3 - i**2 - i - 16. Is z(o) a prime number?
True
Suppose 4*o + 0*o = 0. Suppose o = -3*q - q + 676. Is q composite?
True
Suppose 5*s - 3*p - 478 = 0, 3*p = -2*p + 20. Is s*(-9)/(-6) - -2 a composite number?
False
Let z(m) = m**3 - 7*m**2 + 7*m - 4. Let t be z(6). Let i be ((-2)/(-4))/((-2)/(-8)). Suppose i*n + 37 = 3*a, -t = -a + 3*n + 15. Is a a composite number?
False
Let r be 8/(-3)*6/(-4). Suppose 2*d + d = 0. Suppose -s - k + 51 = d, r*s - 5*k - 395 = -155. Is s composite?
True
Let r(z) = z**2 + 8*z - 2. Let m be r(-5). Let n = 62 - m. Is n prime?
True
Suppose -2*z = -4*o - 58, -140 = -5*z + z + 2*o. Is z a prime number?
True
Is ((-74)/3)/((-4)/66) prime?
False
Suppose -3*k + 14 = -2*i, 5*k - 3*i - 2*i = 25. Suppose 5*j + k*u - 10 = 0, j + 4*u = 5*j - 8. Is j a prime number?
True
Suppose -2*y - 8 = -6*y. Suppose y*m + 514 = 4*m - 3*z, 3*m - 771 = -4*z. Is m a prime number?
True
Let x = -13 - -140. Is x composite?
False
Suppose 5*z + 0*z - 4*l = -27, 3*l + 6 = -5*z. Let b(f) = f**2 + f + 3. Let u be b(z). Suppose -2*p + u = 3. Is p prime?
True
Suppose -8*g + 422 = -4274. Is g a prime number?
True
Let t be 1 - 93/(4 + -7). Let f(v) = -10*v + 1. Let u be f(-1). Let x = t - u. Is x a composite number?
True
Let r(q) = 3*q**2 + q**3 - 3*q**2 + 2*q**2 - 5*q**2 + q. Is r(5) composite?
True
Let a(i) be the second derivative of -i**4/12 - 5*i**3/3 + 3*i**2/2 - i. Is a(-8) prime?
True
Let f(p) = -4 + p + 0*p + 4*p. Suppose 0 = 2*y + 10, o - 3*o + 2*y = -16. Is f(o) a composite number?
False
Let d = 16 - 12. Suppose d*r + 5*m - 72 = m, -4*m = 20. Is r a prime number?
True
Let l be (0 - -1)/((-2)/(-64)). Suppose 6 = g - l. Let j = -1 + g. Is j a composite number?
False
Let c(i) = -i**3 + 7*i**2 + 8*i - 7. Let m be c(8). Let j(g) = g**3 + 8*g**2 - 5*g + 5. Is j(m) a prime number?
True
Let g be 4 + 1/(-1 - -2). Is g*((0 - -3) + -1) composite?
True
Suppose -4*h - 23 = 4*p - 7, 8 = 4*h. Let v(m) = 5*m**2 - 2*m**2 + 5*m - 1 - 4 - m**2. Is v(p) prime?
True
Let s = -1275 - -1828. Is s a composite number?
True
Suppose 3*v - 2*s - 18 - 1 = 0, -3*s = v + 1. Let o(f) be the first derivative of f**2/2 + 5*f + 1. Is o(v) a composite number?
True
Let a(l) = 8*l**2 + l - 2. Is a(-3) a prime number?
True
Let t be -1 - (6 - 3 - 9). Suppose t*k - 155 = -0*k. Is k prime?
True
Let k(p) = 1. Let n(u) = -75*u**2 + 2*u + 8. Let i(t) = 6*k(t) - n(t). Is i(3) a composite number?
True
Let q = 417 + -288. Suppose -3*f + q = -3*b, 0*b - 2*b = -4*f + 172. Is f prime?
True
Let m be (-3 - -2)/(2/(-46)). Let a be (-6)/(-24) + m/4. Let q(v) = -v**2 + 9*v - 5. Is q(a) a composite number?
False
Suppose 36 = -7*r + 3*r. Is 3/r*1*-897 composite?
True
Let v = -4 - -10. Suppose -l + 251 = -v. Is l prime?
True
Suppose -3*m + s - 213 = 141, 0 = -4*s + 12. Let f = -64 - m. Is f a composite number?
False
Let i be (20/6 + -3)*-6. Is 37690/90 + i/(-9) a prime number?
True
Is 5/(-1 - 4) + 582 prime?
False
Suppose 0 = -4*j - 4*o + 1984, 0 = j + 4*j + 2*o - 2483. Is j prime?
False
Let b = 20 - 15. Suppose -5*x + 450 = -b*p, -2*x = -6*x - 2*p + 384. Is x a prime number?
False
Suppose -4*y = -7*y - 39. Let l be 3 - (y - (-1 - -3)). Let w = l + -5. Is w composite?
False
Let d(k) = -19*k**2. Let s be 1/(-4) + 25/20. Let w be d(s). Let v = 44 + w. Is v a prime number?
False
Let n(z) = -z**2 - 3*z. Let j be n(-2). Let r(b) = -2*b + j*b - 7 - 4*b + 7*b**2 - b**3. Is r(5) a composite number?
False
Let p = 311 + -74. Suppose p = d + 2*d. Is d composite?
False
Suppose r + 5*b = 25, -r + 7*b + 65 = 4*b. Suppose -r = -6*y + y. Is y composite?
True
Suppose 0 = o + 1 - 5. Suppose 0 = -o*k - 197 + 473. Let h = -31 + k. Is h prime?
False
Let f(r) = -14*r + 7. Let g = 24 - 6. Let h = 12 - g. Is f(h) prime?
False
Let s be 6/(-12)*(-4 - 0). Suppose -i - i + 5*c - s = 0, -i - 3*c + 10 = 0. Suppose 5*n - 62 = -i*f, -4*n + 54 = 5*f + 8. Is n a prime number?
False
Let h = 12 - 8. Let g be 3*(-3)/(18/h). Is g/4 + 494/4 prime?
False
Let v(u) = u + 1. Let t be v(1). Suppose -t*q + 4*q = 62. Is q composite?
False
Suppose -2*k - 3*k = -4*n - 895, -3*n = 5*k - 895. Is k a prime number?
True
Let c(x) be the third derivative of x**6/10 + x**5/60 - x**4/24 - x**3/2 + 3*x**2. Let d(k) be the first derivative of c(k). Is d(1) composite?
False
Suppose 2*d = 4 - 0. Suppose 0 = -5*x + 2*j + 23, 1 = -d*j + 3*j. Suppose -21 - 509 = -x*w. Is w a prime number?
False
Is -3 + 85/25 + (-73)/(-5) composite?
True
Suppose -5*f - 4*v = -22, v + 12 = 5*v. Suppose -4*w + x = -f*w - 60, -3*x = -6. Is w a prime number?
True
Suppose -4*t + 7*j - 2*j + 1073 = 0, 4*t - 3*j = 1071. Is t composite?
True
Let m = -4 + 7. Suppose 2*w - 61 = 4*f + 83, -m*w = -3*f - 219. Is w prime?
False
Let b(r) = -4*r**2 - 11*r + 2. Let w(p) = -2*p**2 - 6*p + 1. Let m(u) = -3*b(u) + 5*w(u). Let k(d) be the first derivative of m(d). Is k(7) a prime number?
True
Let z = -11 + 7. Is z/8 + (-69)/(-2) a prime number?
False
Let l be 21*1 + -1 + 1. Suppose 3*d + 0*d - 3 = -3*n, 3*n + 4*d = 5. Is (-7)/(l/(-108)) - n composite?
False
Is (-5)/20 - 581/(-4) a composite number?
True
Suppose -4*b + 281 = c, 2*c + 64 = b + c. Is b a prime number?
False
Let n = 8 - 5. Suppose 0 = -3*w + n + 9. Suppose 4*a = w*j - 132, 5*j - 139 = j - 3*a. Is j prime?
False
Let b = 10 - 10. Suppose 0 = g - 5*y - 30, 3*g - 3*y + b*y = 126. Suppose g - 341 = -4*o - 3*i, 4*o = 5*i + 264. Is o prime?
True
Let b be ((-3)/(-9))/((-5)/60). Let t(l) = 5*l**2 + 4*l**2 + 5 - 4*l**2. Is t(b) prime?
False
Suppose 0 + 2 = -2*v. Let q(x) = 167*x**3 + 1. Let c be q(v). Let h = -81 - c. Is h a prime number?
False
Let x(g) = -g**2 - 9*g - 8. Let c be x(-8). Suppose c = 3*a - 6*a + 9. Is a a composite number?
False
Let o be 0 + -5*5*-1. Let g(l) = -l**2 - 5*l. Let j be g(-5). Suppose -3*k + 4*f + 10 = 0, -k - 3*f = -j*k - o. Is k prime?
False
Let u be 2/1 + -4 + 3. Let l be 0 + 101 - (u - 2). Suppose 4*i = l + 146. Is i a composite number?
True
Let t = 155 + 8. Is t a composite number?
False
Suppose 5*f + 218 = 78. Suppose 5*n - 133 = -4*x + 30, 39 = x + 3*n. Let v = f + x. Is v prime?
False
Let y be 6/18*-3*1. Is -2 - 5*(-2 - y) a prime number?
True
Suppose 3*a + k = 952, 7*k - 2*k + 1301 = 4*a. Is a a prime number?
False
Let j(k) = 2*k**2 - 16*k - 37. Is j(-15) prime?
True
Let c(f) = 43*f. Is c(3) a prime number?
False
Let x = 332 - 27. Is x a prime number?
False
Let y(k) = -9*k**2 - 2*k + 6. Let d be y(-7). Let j = d + 1052. Is j a prime number?
True
Let h(q) = 952*q**2 + q + 2. Is h(-1) a composite number?
False
Let t = 3669 - 2138. Is t prime?
True
Let j be 0 + -2 - 21/(-3). Suppose -d + 40 = -j*p, 12 = d - 2*p - 37. Is d prime?
False
Let v(w) = 2*w**2 - w + 4. Is v(10) composite?
True
Let n(q) = q**2 + 14*q + 5. Let x be n(-10). Let t be 130/x - 4/14. Let a(z) = 3*z**2 - 4*z - 5. Is a(t) a composite number?
False
Let x(r) be the second derivative of -7*r**3/6 - 3*r**2/2 + 2*r. Is x(-4) a composite number?
True
Let j(d) = -d**2 - 5*d - 2. Let g be j(-3). Let x(v) = 9*v + 10*v - g*v - 2*v. Is x(3) a composite number?
True
Suppose -2 = -3*p + 2*p. Suppose p*u = 77 - 9. Is u composite?
True
Suppose 2 = 2*p - 3*p. Let n be 31 + (p - -3) - -2. Let m = 43 + n. Is m composite?
True
Is (-2)/7 + (-4111)/(-7) composite?
False
Suppose -4*h = -2*n + 32, 2*h + 4 - 24 = -5*n. Suppose n*w - 950 = w. Suppose 2*q - 102 = -2*y + 4*q, 4*y + 3*q = w. Is y a composite number?
True
Suppose -118 + 338 = 4*l. Is l composite?
True
Let k be (3/6*-74)/(-1). Let a = k + 148. Is a composite?
True
Suppose 1255 = -5*b + 6*b. Is b a composite number?
True
Suppose -3*i = -2*i + 85. Is 1*-5*i/5 composite?
True
Let z = 3 - 2. Is 7/(z + (-1)/2) a prime number?
False
Let x = -3 + 16. Let q be 4/6 + x/3. Suppose q*t = -5*g + 175, 0*g + 189 = 5*g - 2*t. Is g a composite number?
False
Let q(z) = -z**2 - 2*z + 97. Is q(0) a prime number?
True
Let c(q) = 8*q**2 + 4*q - 3. Let z be c(9). Suppose 108 - z = -3*o. Is o composite?
False
Suppose p + 11 = -2*m - 1, -15 = -5*m. Let q = 11 + p. Let g(s) = -s**2 - 9*s - 7. Is g(q) prim